e 7/3 - 2/6. Calculate h(f).
1
Let a be (104/(-130))/(-2 - 8/(-5)). Let l(f) be the second derivative of f**5/10 - f**4/12 + f**3/2 - f**2/2 - f. Give l(a).
17
Let c(f) = -2*f**3 + f**3 + 0*f**2 - 4*f**2 - 2. Suppose 25 = -15*w - 20. Determine c(w).
-11
Let h(f) = -1 - f + f**2 - 4*f**2 + f**2 + f**2. Let c(x) = 2*x**2 + 4*x + 7. Let l(m) = -c(m) - h(m). What is l(-4)?
-10
Suppose 7 = -2*r + 3. Let k be r/(-3) - (-40)/12. Let u(h) = h**2 - 2*h**2 - 4*h - h**2 + k - 8. What is u(-3)?
-10
Let y = -33 - -37. Let w(g) = g**3 - 6*g**2 + 2*g. Determine w(y).
-24
Let l = -2 + 6. Let h(d) = -d**2 + l*d + 2 - 2 - 2*d. What is h(4)?
-8
Let a(p) = p**3 - 4*p**2 - p + 1. Let c = 8 + -8. Suppose c = 3*l - 11 - 1. Determine a(l).
-3
Let h(t) be the third derivative of 0*t - 1/24*t**4 - 1/20*t**5 + 0 + 0*t**3 - 4*t**2. Give h(-2).
-10
Let c = 10 + -8. Let a be (-3)/(-4) - (-45)/20. Suppose -z - a*f = 14, 1 - 19 = 5*z + c*f. Let s(k) = -k**3 - 2*k**2 + 3*k + 3. Give s(z).
-3
Let q(a) = -a**3 - 5*a**2 - 2*a - 13. Let f be q(-5). Let l(k) = k**2 - k + 2. Calculate l(f).
14
Let f(a) = a**2 - 4*a - 1. Let p be f(2). Let z(h) = -h**3 - 5*h**2 - 1. Calculate z(p).
-1
Suppose -4*h + 32 - 4 = 0. Let o(a) = 2 - h*a - 2*a**2 + 3*a + a**2 - a. Give o(-6).
-4
Let f(d) = -3*d**2 + 3*d - 1. Let q(b) = -4*b**2 + 5*b - 1. Let r(u) = -7*f(u) + 5*q(u). Let p = -113 - -109. Give r(p).
2
Let m(a) = a - 1. Suppose 5*s = -x + 19, 3*s - s - x - 2 = 0. Give m(s).
2
Suppose -2*z + 29 = 5*o, -3 - 2 = -5*z + o. Let p(c) be the second derivative of 0 + 2*c + 1/2*c**3 - 1/2*c**z. What is p(1)?
2
Let h be (-12)/(-9) - (-4)/6. Suppose r + 3 = h. Let d(l) = -199*l**2 - 3*l**3 + 99*l**2 + 99*l**2. Determine d(r).
2
Let s(p) = p + 1. Let b(h) = -6*h - 6. Let f(a) = 2*b(a) + 11*s(a). Give f(-6).
5
Let s(c) be the first derivative of 2*c**2 + 3*c - 6. Let j = 4 - 0. Let o be (-8)/3 + j/(-12). Calculate s(o).
-9
Let b(o) = -2*o**2 + 5*o - 5. Let q = -106 + 110. What is b(q)?
-17
Let w(p) = -p**3 + 7*p**2 - 7*p + 7. Let k be w(6). Let u(y) = 2 + k + 0*y + 2*y. Give u(-5).
-7
Suppose -5*z - 4*c = 16, -3*c + 15 = -4*z - 4. Let u(i) = i**2 + i + 8. Let w(p) = 6*p**2 + 6*p + 42. Let y(j) = -11*u(j) + 2*w(j). What is y(z)?
8
Let f(i) = -2*i + 8. Let k(v) = -v + 4. Let q(c) = -6*f(c) + 13*k(c). Determine q(2).
2
Let d be (7 - 5)/2*(1 + -1). Let u(j) be the second derivative of d + 1/6*j**3 + j - 2*j**2. Determine u(-3).
-7
Let p(s) = -s**3 + 3*s**2 + 7*s - 6. Let m(u) = u**2 + 7*u - 3. Let v be m(-8). Suppose f = -2*c - 0*f + 6, 4*c + v*f - 6 = 0. What is p(c)?
6
Let i be (-2)/(-2) + -2 + 3. Let w(y) = -1 - 1 - 2*y**2 + 4*y**2 + 4*y - 4*y**i. Calculate w(2).
-2
Let z = -105 - -99. Let d(o) = -o**3 - 5*o**2 + 6*o - 5. Calculate d(z).
-5
Let y(h) = h + 4. Suppose -l - 3*b - 2 = 4, 2*l = -2*b - 8. What is y(l)?
1
Let x(h) be the third derivative of h**8/6720 + h**7/2520 - h**6/240 + h**5/30 + 5*h**4/24 - 6*h**2. Let o(i) be the second derivative of x(i). Give o(-3).
-5
Let j be 0 + 5 + 0 + 0. Suppose -3 = -2*n + 3*c, 4*n - j*n - 2*c + 5 = 0. Let d(k) = -k + 1. Calculate d(n).
-2
Let d(h) = h**3 + 4*h**2 + 2*h - 1. Let v be 17/(-5) + ((-56)/(-35))/4. Calculate d(v).
2
Let p(b) be the third derivative of -b**4/8 - b**3/3 + 4*b**2. Let m = 2 + 3. Suppose f = -s - m, 4*f + 8 = -4. Determine p(s).
4
Let z(a) = -3*a + 3. Let m(r) = 4*r**2 + r + 2. Let i be m(2). Suppose 0 = -11*b + 6*b + i. What is z(b)?
-9
Suppose -n - 3*x = -0*x - 10, -2 = n - x. Let l(s) be the first derivative of -1/2*s**2 - n - 11*s. Determine l(-5).
-6
Let q be 2/(-3)*204/(-8). Suppose 4*p = -q + 5. Let c(i) = 2*i - 154 - i**3 - 149 + 304 - 2*i**2. Give c(p).
4
Let s(n) = n**3 + n**2. Let w(g) = 4*g**3 + 5*g**2 - 4*g + 3. Let a(q) = -3*s(q) + w(q). Let i be 1/(15/12)*-5. Give a(i).
-13
Let o(p) be the third derivative of p**4/8 - p**3/3 - 3*p**2. Let i = 5 + -7. Let t be 1/((-1)/(-1 + i)). Calculate o(t).
7
Let r(f) = f**3 + 7*f**2 - f - 7. Let y(j) = j**3 - 6*j**2 - 2*j + 5. Let b be y(6). What is r(b)?
0
Let r(m) = -5*m**3 + 2*m - 1. Let k = -51 + 52. Give r(k).
-4
Suppose 2*c + n = -2*c - 24, 3*c - n = -11. Let t(v) be the second derivative of v**3/6 + 7*v**2/2 - 3*v. Determine t(c).
2
Let y = -9 - -6. Let c(k) = -k**2 - 3*k + 4. Calculate c(y).
4
Let w(f) = 3*f + f**2 + 7*f**2 + 7 - 4*f**3 - 11*f + 3*f**3. Let h be w(7). Let i(y) = y**3 + y**2 + y + 5. Determine i(h).
5
Let c = -1 + 3. Let v be 1/(c*1/(-10)). Let z(s) = -4*s**2 - 7*s + 1. Let b(l) = -11*l**2 - 20*l + 4. Let n(y) = 3*b(y) - 8*z(y). Calculate n(v).
-1
Let i(n) be the third derivative of n**5/60 + n**4/24 + 9*n**3/2 - 28*n**2. Calculate i(0).
27
Suppose 0*l - 3*l - 15 = 0. Let h(u) = 2*u + 0*u + 26823 - 26821. Give h(l).
-8
Let a(i) be the second derivative of i**6/360 - i**5/20 - i**4/24 + i**3/3 + 3*i. Let u(o) be the second derivative of a(o). Give u(5).
-6
Let t(c) = 1 + 3*c - 4*c + 0. Determine t(-2).
3
Let j(o) be the first derivative of o**2/2 + 4*o + 20. Determine j(-5).
-1
Let s(c) be the first derivative of c**3/6 - c**2/2 + c - 4. Let n(m) be the first derivative of s(m). Let y be (-30)/9*(-12)/10. Determine n(y).
3
Let w(i) = i - 8. Let q(t) = 1. Let n(f) = 15*q(f) + 3*w(f). Determine n(6).
9
Let w(z) = 4 + 2*z - 5*z**2 + 6*z**2 - 3. Let n be w(-3). Let i(f) = -2*f + 2. Determine i(n).
-6
Let t(l) = 8 + 3 - 3*l**2 - l**3 - 5 + 5*l. What is t(-4)?
2
Let t(x) = 14 + 1 - 10 - 3*x**2 + 2*x**2. Calculate t(4).
-11
Let t = 5 - 11. Let z(g) = 4*g - 5. Let r(q) = -q + 1. Let s(a) = t*z(a) - 26*r(a). Calculate s(-3).
-2
Let m = 64 - 70. Let c(y) = 2*y**2 + 9*y + 6. Give c(m).
24
Let d(t) be the second derivative of 1/2*t**2 + 0 + 0*t**3 - t + 5/12*t**4 - 1/20*t**5. Give d(5).
1
Suppose 15 = -10*x - 5. Let h(k) = -1 + 0 + 2 + k. What is h(x)?
-1
Let v(r) be the first derivative of -r**2/2 - 2*r + 2. Let c = 11 - 8. Calculate v(c).
-5
Let n(q) = 0*q**2 - q + 5*q**2 + 0*q**2 - 3*q**2 - 2. Let r be 8/6 - (-12)/18. Give n(r).
4
Let x(v) = -v - 1. Let l(h) = h + 1. Let p(k) = -3*l(k) - 4*x(k). Let y be -1*2/6*-3. Give p(y).
2
Let d(c) = 5*c**2 + 2*c - 6. Let j(a) = 9*a**2 + 5*a - 12. Let q(m) = 7*d(m) - 4*j(m). Give q(-7).
-1
Let w(y) be the third derivative of y**6/120 - y**5/60 - y**4/24 - 3*y**3/2 - 5*y**2. Let n(p) = -p + 0 - p**2 - 2 - 2*p. Let z be n(-2). Determine w(z).
-9
Let d = 53 + -48. Let s(g) be the second derivative of -g**3/6 - g**2 + g. What is s(d)?
-7
Let v(f) = -f**3 - 4*f**2 - 5*f - 3. Suppose -6*x + 3*x = 9. Let u be v(x). Let a(r) = -3 - r**2 + 0 + 2*r**2 + r**2 - 3*r. Determine a(u).
6
Let d(w) = -3*w + 0*w - 3 + 7*w**2 - 8*w**2. Determine d(-2).
-1
Suppose -2*d + 3 = -3*o, -7*d + 13 = -3*d + o. Suppose -d = 4*i - i. Let b(v) = 8*v. Determine b(i).
-8
Let v(x) be the first derivative of -x**6/360 + x**5/40 + x**4/4 + 5*x**3/3 - 9. Let u(t) be the third derivative of v(t). Determine u(5).
-4
Suppose -3*a = 2*a - 10. Suppose -r = -3 + a. Let t(c) = -4*c + 4*c - r - 5*c. Determine t(-1).
4
Let z(f) = -f - 1. Let g be z(-1). Suppose 1 = -l - 4*r, -5*l - 2*r + 13 = -g*l. Let x(n) = -l*n**2 - n**3 - 3*n**2 - 8 + 6*n - 7*n. Determine x(-6).
-2
Let q(c) be the second derivative of -c**8/6720 + c**7/1260 + c**6/360 + c**5/40 - c**4/12 - 3*c. Let g(r) be the third derivative of q(r). What is g(3)?
0
Let s(y) = 0*y**2 + 0*y**2 - y**2 - y. Let v be (-1 + 1)*(-12)/(-48). Determine s(v).
0
Let g(b) be the third derivative of -1/6*b**4 + 0*b - 1/120*b**6 + 1/6*b**3 + 0 + 1/10*b**5 + 4*b**2. Give g(5).
6
Let h be 0/(0 + 4 - 2). Suppose -2*q + 3*q - 2 = h. Let x(l) = -l**2 + 2 - 2. What is x(q)?
-4
Let z = -65 - -61. Let p(l) = -l**3 - 5*l**2 - 4*l - 3. Give p(z).
-3
Let d(j) = j**3 - 4*j**2 - j - 3. Let o(s) = -s**3 - 20*s**2 + 5. Let q be o(-20). Calculate d(q).
17
Let l(t) = -t**3 - t. Let d(i) = -2*i**3 + i**2 - 2*i. Let x(h) = -d(h) + 3*l(h). Suppose 12 = -3*v - 3*q, -3*q + 0*q + 2 = -4*v. Give x(v).
6
Let z(q) = -q**3 - 2*q**2 - 3. Let r(c) = c**2 + 2*c. Let o be r(0). Let u be (1 - o) + -3 + -1. Calculate z(u).
6
Let t = 9 - 7. Let q(u) = 4*u**2 - u**2 - 2*u - 2*u**2 + 0*u**t. Give q(4).
8
Let h = 3 - 1. Let x(v) = -3*v**2 + 6*v**2 - 3*v**h + v**2 - 5 + v. What is x(0)?
-5
Suppose 20 = 2*c - k, -3*c + 35 = 2*c + 5*k. Suppose -2*a - 3*t + 9 = a, c = 3*a - 